e 13 + 12 = 5*u. Suppose u*i = -4*j + 473, -5*j - 6*i = -i - 585. Calculate the highest common divisor of j and 14.
14
Let c(v) = 11*v**2 + 12*v + 9 - 5*v**2 - 7*v**2. Let q be c(7). What is the highest common factor of q and 66?
22
Let w be (-30)/((15/(-10))/1). Calculate the highest common factor of 50 and w.
10
Suppose 13 = 3*l - 14. Let x = -1 + 4. What is the highest common factor of x and l?
3
Suppose -11*i + 204 - 72 = 0. Calculate the highest common divisor of 48 and i.
12
Let v = 2 + 3. Let c be ((-24)/(-15))/(v/75). What is the highest common factor of 16 and c?
8
Let m be (19/(-2))/((6/(-4))/3). Suppose -4*t + 38 = 2*v, 2*v + 2*t = -t + 38. What is the highest common factor of m and v?
19
Let a be 20 - -2*(1 - 0). Calculate the highest common divisor of a and 33.
11
Suppose 0 = -4*r - w + 10, 4*r + 3*w - 6 = -0*r. Let v = -2 + r. What is the highest common factor of v and 7?
1
Let r(k) = k**2 - 7 - 2*k - 5*k + 10. Let s be r(8). What is the greatest common divisor of 55 and s?
11
Let u be 16 - ((1 - 1) + 1). Let h be (-2)/(-3*2/u). Let j = 9 + h. What is the greatest common factor of 42 and j?
14
Let s(m) = m**2 - 2*m - 3. Let i be s(4). Let p = 1 + i. Calculate the highest common divisor of p and 4.
2
Suppose 135 = 4*k - k. What is the greatest common divisor of k and 18?
9
Let o(c) = 5*c**2 - 2*c - 7. Let r(k) = -k**2 - k + 1. Let a(z) = o(z) + 2*r(z). Let x be a(4). What is the greatest common factor of 297 and x?
27
Let s = -7 - -14. Suppose 0 = 4*c - 2*o + s*o - 95, c = -3*o + 29. Let t be (2 + c/(-3))*-3. What is the highest common factor of 14 and t?
14
Let a(u) = -u**3 + 14*u**2 + 15*u + 19. Let z be a(15). What is the highest common factor of 19 and z?
19
Suppose -40 = -3*z - 2*z. Suppose -5*v + 33 = f - 127, -3*f - 96 = -3*v. What is the greatest common divisor of z and v?
8
Let a = -3 + 59. Let l = -5 - -7. Suppose -l*g = -g - 7. Calculate the greatest common divisor of a and g.
7
Let c be (-18)/99 + (-774)/(-22). Suppose f + 37 = 5*w + 2, 0 = -f. What is the greatest common divisor of w and c?
7
Let q(y) = -5*y + 75. Let v be q(0). Calculate the greatest common divisor of 50 and v.
25
Suppose 4*t - 6 = 22. Let y = -8 + 15. Let k be (-30)/2*y/(-3). Calculate the highest common factor of t and k.
7
Let a = -25 + 70. Suppose -2*w - 69 + 26 = -5*t, 4*t - 39 = -3*w. What is the greatest common factor of t and a?
9
Suppose -j + 10 = 1. Calculate the greatest common factor of j and 45.
9
Suppose -4*i - 2*j + 108 = 0, 3*i - 4*i - 4*j + 41 = 0. Suppose -7*a + 2*a = i. Let y = 7 + a. Calculate the highest common divisor of y and 14.
2
Let r(g) = g**2 - 15*g - 15. Let j be r(15). Let m = j - -22. Calculate the greatest common factor of m and 63.
7
Let d be 580/16 - 1/4. Calculate the highest common divisor of d and 12.
12
Let k = -6 + 72. Suppose -2*y - 2 = -2*b, b - 3*b + 6 = -y. Let n be b + -4 + 4 + 1. What is the greatest common factor of n and k?
6
Suppose -12*x = -10*x - 50. Calculate the highest common divisor of x and 5.
5
Let y(f) = f - 1. Let m be (-2 + 7)*3/5. Let u be y(m). Calculate the greatest common factor of u and 2.
2
Suppose 5*w = 4*n + 16, 3*w + 3*n - 7*n - 8 = 0. Let u be (24/60)/(2/60). Calculate the greatest common factor of w and u.
4
Let c be (1/3)/(1/354). Suppose -18 + c = 5*f. What is the highest common factor of f and 60?
20
Let u be (-240)/(-75)*(-35)/(-2). What is the greatest common factor of u and 14?
14
Let i(c) = -c**3 + 11*c**2 - 8*c - 7. Let l be i(9). Suppose -2*m + 2*g = -g + 103, 2*g = 2. Let a = l + m. Calculate the greatest common divisor of 22 and a.
11
Let u(h) = -h**2 + 2*h + 3. Let l be u(3). Suppose -39 = -l*o - o. Calculate the highest common divisor of 13 and o.
13
Let s be 45/10*(-44)/(-6). Suppose 3*r - s = -4*j + 30, -5*r + 105 = -3*j. Let q be (-4)/(-6) - (-38)/6. What is the greatest common factor of r and q?
7
Let f = -8 + 14. Let d be 44/f + 2/3. What is the highest common divisor of d and 4?
4
Suppose 4*q + s = 87, 2*q + 3*s + 2*s = 39. Calculate the greatest common factor of q and 77.
11
Suppose -5*j + 11*j = 24. What is the greatest common factor of 32 and j?
4
Let t(w) = 2*w - 13. Let m be t(9). Suppose -60 = -4*g + f - 6, 4*g - m*f = 46. What is the highest common factor of 126 and g?
14
Let x = 307 + -304. Let q be (27/4)/((-1)/(-4)). Calculate the highest common divisor of x and q.
3
Suppose 15 - 21 = -3*r. Calculate the highest common factor of 22 and r.
2
Suppose -4*t + 188 = -32. Suppose -4*h - 31 = -5*h. Suppose -5*d = -24 - h. Calculate the greatest common divisor of t and d.
11
Let t = -61 - -157. Suppose 0*q + q = -8. Let s(n) = -2*n - 4. Let y be s(q). What is the highest common factor of t and y?
12
Suppose 0 = -z - 4*h + 11, 4*z + 4*h - 3*h = 74. Calculate the greatest common divisor of 133 and z.
19
Suppose 3*g - 264 = -4*d + 211, 3*d - 357 = -2*g. Let o(a) = -a**2 + 11*a + 1. Let b be o(10). Calculate the highest common factor of d and b.
11
Let q = 5 + -6. Let v = q + 5. Suppose v*d - 5*d = -2*x + 30, x - 18 = 2*d. Calculate the highest common factor of x and 98.
14
Suppose r + 30 = 2*h, 2*r + 16 = h + r. What is the greatest common factor of 140 and h?
14
Suppose 0*s = 2*s - 2. Let r be 13/s - (1 + 2). Let c(u) = 99*u**3 + 2*u**2 - 2*u + 1. Let w be c(1). What is the greatest common divisor of w and r?
10
Let g be (-86)/4 - (-1)/2. Let o = -12 - g. Calculate the greatest common divisor of o and 63.
9
Let o be (-4)/(4/(-75)) + 0. Let s(a) = 2*a**2 + 6*a - 6. Let v be s(-6). What is the highest common factor of v and o?
15
Let d = 5 + 4. Let v(s) = -s**2 + 2. Let j be v(0). Let u be j/(-4)*(-3 + 1). Calculate the greatest common divisor of d and u.
1
Suppose 26 = 5*i + 6. Let l = 2 - 0. Suppose -l*c - 56 = -3*r, -5*r + 72 = -0*r + 2*c. What is the highest common factor of r and i?
4
Let c = -7 - -11. Suppose -121*s - 42 = -128*s. What is the highest common factor of c and s?
2
Suppose -3*k - 1 = 5. Let m = k - -3. Suppose -g - 20 = -5*g. What is the highest common factor of g and m?
1
Let a = -10 - -16. Calculate the greatest common factor of a and 48.
6
Let j(x) = -3 - 5*x + 2 + 7*x + 2. Let l be j(5). What is the greatest common factor of l and 55?
11
Let o be (-267)/(-9) + (-6)/9. Suppose -3*s + 78 = 3*n, s - o = -2*n + 25. Calculate the greatest common factor of 4 and n.
4
Suppose p - 2*l = 4, -2*l + 65 = 5*p + 3*l. What is the highest common factor of p and 4?
2
Suppose 2*r - r = -5*o + 77, -4*o = 4*r - 308. What is the greatest common divisor of 11 and r?
11
Let m be ((-3)/4)/((-1)/64). Let y(z) = -z**3 - 6*z**2 - 6. Let f be y(-6). Let u be f*(-1)/8*8. What is the highest common divisor of m and u?
6
Let l = -50 + 58. What is the highest common factor of 12 and l?
4
Suppose -4*u + 2*u - 2 = 0, 4*b - 10 = -2*u. Suppose 7*v = 4*v + b. Suppose -2*q = -3 - v. Calculate the highest common factor of q and 10.
2
Suppose -4*n = y - 68, -3*y - 2*n = -0*n - 254. Let u be (6 - 3)*16/6. Calculate the highest common divisor of y and u.
8
Let l(u) = u**3 + 6*u**2 + 6*u + 6. Let a be l(-4). Suppose 2*n + a = 3*n. Calculate the highest common divisor of 126 and n.
14
Let l = -42 - -99. What is the greatest common factor of 513 and l?
57
Let n be (-7)/28 + (-58)/(-8). What is the greatest common factor of n and 21?
7
Let j = 87 + 6. What is the greatest common divisor of 31 and j?
31
Let s(d) = -3*d - 3. Let i be s(-4). What is the highest common factor of i and 9?
9
Let b be 4/(-14) + 128/7. Suppose 26 = w - 5*k, 4*w - 4*k = -0*w + 136. Calculate the greatest common divisor of b and w.
18
Let l = 527 + -332. Suppose -l = -4*d + 1. Calculate the highest common divisor of 7 and d.
7
Let f be 1/(1/88) + 2. Let i = 38 + -20. What is the highest common factor of f and i?
18
Let d = 17 + -11. Let p(g) = 2*g**2 - 8*g - 5. Let q be p(d). Suppose 5*v - 384 = 2*j, 3*j + 82 = -0*v + v. Calculate the greatest common factor of v and q.
19
Let m be 6*10/3*4. Let a be 1/(-1)*100/(-5). Calculate the greatest common divisor of m and a.
20
Suppose 3*r = 5*r - 104. What is the greatest common divisor of 13 and r?
13
Let k(q) = 3*q**2 + 8 - 2*q**3 - 11*q**2 - 2*q + 3*q**3. Let m be k(8). Let s(b) = -6*b - 8. Let t be s(m). What is the greatest common divisor of t and 10?
10
Let f b